mmon factor of 4 and 2183?
1
Calculate the greatest common factor of 90986 and 1946.
14
Calculate the highest common factor of 513 and 39919.
19
Calculate the greatest common factor of 3902 and 4969197.
1951
Calculate the greatest common factor of 152 and 70471.
19
What is the highest common factor of 679068 and 1053?
117
What is the greatest common divisor of 186935 and 35?
35
What is the greatest common factor of 1507184 and 112?
112
What is the highest common divisor of 552 and 2352?
24
What is the highest common divisor of 25535 and 145?
5
What is the highest common factor of 54189 and 25029?
243
Calculate the greatest common divisor of 180 and 1700.
20
Calculate the highest common factor of 148 and 826913.
37
Calculate the greatest common factor of 768 and 36.
12
Calculate the greatest common divisor of 62608 and 1892.
172
Calculate the highest common divisor of 12728 and 141599.
1591
Calculate the highest common divisor of 82880 and 1776.
592
What is the greatest common factor of 60 and 26445?
15
What is the greatest common factor of 45695 and 132867?
703
What is the highest common factor of 20576 and 160?
32
Calculate the greatest common divisor of 14069772 and 298.
298
Calculate the greatest common factor of 539 and 14201.
11
Calculate the greatest common factor of 63008 and 660.
44
Calculate the greatest common factor of 156489 and 24.
3
Calculate the greatest common factor of 212 and 11525804.
212
What is the greatest common divisor of 40 and 25000?
40
Calculate the greatest common factor of 1841 and 3486.
7
Calculate the greatest common divisor of 396923 and 58.
29
Calculate the highest common divisor of 44 and 67936.
44
What is the greatest common divisor of 2580 and 112920?
60
What is the greatest common divisor of 137754 and 1728?
54
What is the greatest common factor of 14329512 and 24?
24
What is the greatest common divisor of 1723040 and 330?
110
Calculate the highest common divisor of 1044 and 24.
12
Calculate the highest common divisor of 1115 and 11.
1
Calculate the greatest common factor of 65430 and 9990.
90
Calculate the highest common divisor of 1000079 and 281.
281
What is the highest common divisor of 1920 and 341040?
240
What is the greatest common factor of 4213 and 383?
383
What is the highest common divisor of 176 and 346588?
44
Calculate the greatest common divisor of 204763 and 13.
13
Calculate the greatest common factor of 15 and 240.
15
What is the greatest common factor of 14478 and 12446?
254
Calculate the greatest common divisor of 398 and 2432974.
398
What is the greatest common divisor of 196106 and 868?
62
What is the highest common divisor of 2152 and 27169?
269
What is the highest common factor of 233464 and 385?
77
Calculate the highest common factor of 210 and 4470.
30
What is the highest common factor of 196 and 5516?
28
Calculate the greatest common factor of 26782 and 1274.
14
What is the greatest common factor of 167998 and 38?
38
What is the greatest common factor of 798 and 6342?
42
What is the highest common divisor of 192 and 93516?
12
What is the highest common factor of 86756 and 644?
92
What is the greatest common factor of 792 and 101772?
396
Calculate the greatest common factor of 4785 and 1885.
145
Calculate the highest common factor of 391 and 9271783.
391
Calculate the greatest common factor of 24 and 100050.
6
What is the greatest common factor of 127085 and 140?
35
Calculate the greatest common factor of 1541 and 2077.
67
Calculate the highest common factor of 1020 and 26265.
255
What is the highest common divisor of 208 and 30896?
16
Calculate the highest common divisor of 1239520 and 40.
40
What is the greatest common divisor of 99 and 33077?
11
What is the greatest common divisor of 540 and 2381?
1
What is the highest common divisor of 65928 and 16072?
328
Calculate the highest common factor of 238 and 74375.
119
Calculate the highest common factor of 19152 and 35448.
168
Calculate the highest common factor of 544 and 4384.
32
Calculate the highest common divisor of 200 and 4832.
8
What is the highest common divisor of 546 and 249522?
546
What is the highest common divisor of 334 and 350?
2
Calculate the highest common divisor of 25896 and 228.
12
Calculate the greatest common factor of 3 and 8966.
1
What is the greatest common divisor of 261164 and 2834?
218
What is the greatest common factor of 212 and 110452?
212
Calculate the highest common factor of 62 and 823174.
62
Calculate the greatest common factor of 8200 and 697656.
328
Calculate the greatest common divisor of 113484 and 24.
12
Calculate the greatest common factor of 63757 and 1648.
103
Calculate the highest common divisor of 21 and 1970220.
21
What is the greatest common factor of 62 and 19?
1
What is the greatest common factor of 5035 and 15485?
95
What is the highest common factor of 33459 and 27?
3
What is the greatest common divisor of 8658 and 8307?
117
What is the greatest common divisor of 24 and 88?
8
What is the greatest common divisor of 7107 and 552?
69
What is the greatest common factor of 317 and 3487?
317
What is the greatest common factor of 22337 and 882?
7
What is the highest common divisor of 92940 and 1785?
15
Calculate the highest common factor of 153 and 2227.
17
Calculate the greatest common factor of 1900 and 406220.
380
Calculate the highest common factor of 40780 and 30.
10
Calculate the highest common divisor of 519 and 129.
3
Calculate the greatest common divisor of 1866 and 102.
6
What is the greatest common divisor of 2278 and 2363425?
1139
Calculate the highest common factor of 85183 and 35.
7
What is the greatest common divisor of 1364 and 21307?
11
What is the highest common divisor of 132966 and 9?
9
What is the greatest common factor of 4800 and 36?
12
Calculate the highest common factor of 329 and 2.
1
What is the highest common divisor of 11 and 1075261?
11
Calculate the highest common factor of 1561 and 1337.
7
What is the greatest common factor of 180336 and 153?
51
What is the highest common divisor of 3385248 and 1773?
591
Calculate the greatest common factor of 6050 and 15650.
50
Calculate the greatest common divisor of 1125956 and 59.
59
What is the greatest common factor of 8 and 246508?
4
What is the highest common divisor of 55890 and 65853?
243
What is the highest common divisor of 200 and 22600?
200
Calculate the highest common divisor of 312 and 1029.
3
Calculate the highest common factor of 57 and 1588438.
19
Calculate the highest common factor of 49981 and 151.
151
Calculate the highest common divisor of 34875 and 12369.
93
What is the highest common divisor of 8028623 and 1294?
647
Calculate the highest common divisor of 460 and 851.
23
Calculate the greatest common factor of 90 and 298710.
90
What is the highest common factor of 1815912 and 81?
27
Calculate the highest common divisor of 10 and 61010.
10
What is the greatest common divisor of 248 and 354268?
124
What is the greatest common divisor of 2341 and 18786525?
2341
What is the greatest common divisor of 5076 and 1833?
141
Calculate the greatest common divisor of 119 and 2482.
17
What is the greatest common divisor of 286 and 2413697?
143
Calculate the greatest common divisor of 26 and 120302.
26
What is the greatest common divisor of 1721250 and 5850?
450
Calculate the greatest common factor of 100 and 1765.
5
Calculate the greatest common divisor of 2560 and 2202880.
1280
Calculate the highest common divisor of 3312 and 178.
2
What is the highest common divisor of 138 and 945438?
138
Calculate the greatest common divisor of 83522 and 2.
2
What is the highest common divisor of 1361198 and 190?
38
Calculate the greatest common factor of 258 and 4677.
3
Calculate the greatest common divisor of 3290566 and 142.
142
What is the highest common divisor of 9 and 249?
3
Calculate the highest common divisor of 107047 and 2564.
641
What is the greatest common divisor of 6055428 and 12?
12
What is the highest common divisor of 1185185 and 586?
293
What is the highest common divisor of 2724 and 300?
12
What is the highest common divisor of 452 and 176054?
226
What is the highest common divisor of 24 and 2013?
3
Calculate the greatest common factor of 25649 and 13.
13
What is the greatest common factor of 2601687 an